rs of m?
3, 13
Let c be -2*((-1565)/(-2) - 51/(-17)). Let t = -814 - c. List the prime factors of t.
757
Suppose -116*f + 174*f = 82*f - 111912. What are the prime factors of f?
4663
Suppose -4267 = -9*z + 4256. Suppose -3*q + z = 4*t, -4*t + 2 = -6. What are the prime factors of q?
313
Let f(q) = -q + 8. Let t be f(2). Let o(g) = 23*g + 3. Let b be o(t). List the prime factors of 3*4/36*b.
47
Let p(y) = 125*y**3 - 18*y**2 + 28*y - 86. List the prime factors of p(5).
97, 157
Let o(g) = 29*g**2 - 7*g + 14. Let b be o(-8). Suppose 973 = p + 2*a, 2*a = 2*p + a - b. What are the prime factors of p?
5, 193
Let v(g) = -6*g**2 + 18*g - 10. Let w be v(4). Let y(r) = -r**3 - 32*r**2 + 35*r - 14. What are the prime factors of y(w)?
2, 277
Suppose 3*z + 4843 = 5*f, 7 = -4*z + 3. Suppose 12*k - 8*k = f. What are the prime factors of k?
2, 11
Let s = -409 - -12392. List the prime factors of s.
23, 521
Let a = 675 - 318. Suppose -5*r - a = -4*l, 5*l + 2*r + 87 = 6*l. Let x = l + -46. What are the prime factors of x?
47
Let g(n) = 17*n**3 + 40*n**2 - 31*n + 15. Let o(y) = -11*y**3 - 27*y**2 + 21*y - 10. Let z(a) = 5*g(a) + 8*o(a). List the prime factors of z(-8).
13, 31
Suppose -4*c + 99 - 3 = 0. Let y be 32/112 + c/14. Suppose 0 = -5*p + 20, 2*r - y*p - 220 = 2*p. What are the prime factors of r?
2, 59
Let r be 15/(-10) - 810/12. List the prime factors of (4/10)/((-2)/r)*30.
2, 3, 23
Suppose 9582 = -5*u - 1118. Let n = -581 - u. What are the prime factors of n?
1559
Suppose 4*n + x - 12 = 3*x, -2*n + 3*x = -2. Suppose -q + n*a = -145, 2*q + a - 320 = -a. What are the prime factors of q?
157
Suppose -9*i + 7*i = -32. List the prime factors of 0 + i + (-13)/(78/(-12)).
2, 3
Let j(i) = -8*i + 134. Let r be j(14). Let q = r + 303. What are the prime factors of q?
5, 13
Suppose -330*j = -327*j. Suppose -46*c + 31*c + 9060 = j. What are the prime factors of c?
2, 151
Let p be ((-234)/12)/(-13)*210. Suppose -12 + 44 = 4*w. Suppose w*g - g - p = 0. List the prime factors of g.
3, 5
Let p be 11/((-12)/(-3) + -3). Let z = 36 - p. Suppose -4*r + 6*r = -n + z, 4*r = 5*n - 181. What are the prime factors of n?
3, 11
Let c(j) = -4*j**2 + 1. Let g be c(-1). Let x = 37 + g. Suppose x = 4*i - 106. List the prime factors of i.
5, 7
Let c(f) be the third derivative of f**5/15 - f**4/24 - 19*f**3/6 + 6*f**2 + 2. What are the prime factors of c(-10)?
17, 23
Suppose 0 = 17*t + 7 - 109. List the prime factors of (9128/t)/4 + (-21)/63.
2, 5, 19
Let k = -312 - -1951. What are the prime factors of k?
11, 149
Let q(u) = 2*u - 6. Let v(f) = f**3 + 8*f**2 - f - 6. Let d be v(-8). Let l be q(d). List the prime factors of 2 - (l - (35 - 4)).
5, 7
Let t(a) = a**2 + 13*a - 9. Let r be t(-14). Suppose w + 4*z - 104 = 0, -r*w = 4*z - 2*z - 556. Let o = w + -67. List the prime factors of o.
3, 5
Let b(w) = -23*w - 243. Let u(s) = -22*s - 241. Let h(d) = 3*b(d) - 2*u(d). List the prime factors of h(-31).
2, 3, 11
Let i = -21068 + 33812. What are the prime factors of i?
2, 3, 59
Suppose -5*w - f + 4*f = -51648, -5*w + 4*f = -51644. List the prime factors of w.
2, 3, 7, 41
Let g = 6159 + 1029. List the prime factors of g.
2, 3, 599
Suppose 990 = 23*t - 18*t. Let p = 332 + t. List the prime factors of p.
2, 5, 53
Let q = 161 + -158. Suppose 1002 = -0*s + q*s. List the prime factors of s.
2, 167
Let x(q) = -26*q**3 - 41*q + 31. What are the prime factors of x(-8)?
3, 7, 31
What are the prime factors of (376 + -90)/(((-1)/(-10))/(3/12))?
5, 11, 13
Let l be -2*(26 - -8)*(-7)/2. Suppose 0 = -3*g + l + 227. List the prime factors of g.
5, 31
Let i = 33220 + -23388. What are the prime factors of i?
2, 1229
Let z(s) = -5*s + 26. Let d be z(-13). What are the prime factors of (-13)/(d/(-6))*1078?
2, 3, 7, 11
Let l(h) = 13*h**2 + 101*h - 42. Let p be l(-17). Let i = -1311 + p. What are the prime factors of i?
3, 229
Let r(z) = 5*z**2 + 20*z + 7. Let n(m) = 5*m + 28. Let f be 423/(-63) - (-1 - (-9)/7). Let v be n(f). What are the prime factors of r(v)?
2, 7
Let s be -2*(44/(-8) + 2). Suppose s*f = 2215 + 550. Suppose 0 = -5*x + 5*h + f, x = 3*h - 5*h + 70. What are the prime factors of x?
2, 19
Suppose -2*j + 2*i + 534 = 20, 2*i = j - 258. Let s = -162 + j. Suppose -13*p + 11*p = -s. What are the prime factors of p?
47
Let q = 14588 - 7902. What are the prime factors of q?
2, 3343
Let d(c) be the third derivative of 7*c**5/60 - c**4/24 + c**3/3 - 8*c**2. Let g(z) = z**2 - 1. Let k(v) = d(v) - 6*g(v). List the prime factors of k(-11).
2, 5, 7
Suppose 34*s + 32*s - 620334 = 0. List the prime factors of s.
3, 13, 241
Let k(z) = 4 + 4*z**2 - 22*z - 9 - 14*z**2 - 13. Let o be k(-8). What are the prime factors of o/(-4) + (-7)/(-14) + -1?
2, 3, 5
Let s(o) = -124 + 41 + 21*o + 44 + 19*o + 45. Let d(m) = -2*m - 2. Let r be d(-2). List the prime factors of s(r).
2, 43
Let o(k) = -k**3 + 12*k**2 + 6*k + 17. Let p be o(13). Let t = -74 - p. Suppose t = -27*l + 22*l + 675. What are the prime factors of l?
3, 5
List the prime factors of (-2723216)/(-2088)*(-18)/(-4).
5869
Let o(k) = k - 11. Let y be o(5). Let j = 8 + y. Suppose q + 5 = 6*q, 2*v + j*q - 98 = 0. List the prime factors of v.
2, 3
Suppose 4*c - 45740 = -5*k, -4*c + 6*c = 3*k + 22870. List the prime factors of c.
5, 2287
Let p be (60/(-18))/((-4)/6). Suppose -p*i + 2153 + 337 = 0. Suppose -2*f = 2*b - 422, -4*f - i = -4*b + 338. What are the prime factors of b?
2, 3, 5, 7
Suppose -4*f + 8 + 16 = 0. Suppose m - 4 = -j, m - 4*j - 15 + f = 0. Suppose -2*z - i + 169 = 0, -3*z + m*i + 253 = 6*i. List the prime factors of z.
2, 3, 7
What are the prime factors of 2 + (-27)/12 - (-133084490)/1960?
2, 5, 7, 97
Suppose 5*l = -4*s - 684 - 355, 0 = -3*l - 4*s - 617. Let m(d) = -d + 49. Let a be m(33). Let n = a - l. What are the prime factors of n?
227
Let k = -5764 - -14125. What are the prime factors of k?
3, 929
Let f(a) = -a**3 - 7*a**2 - 6*a - 9. Let g be f(-6). List the prime factors of 1130/(-6)*(3 - (-108)/g).
3, 5, 113
Let x(m) = -451*m + 36 + 232*m + 12*m**2 + 229*m + m**3. Let v = -18 + 7. List the prime factors of x(v).
47
Suppose 27*l = -127*l + 14*l + 4407480. What are the prime factors of l?
2, 3, 11, 53
Let a = -22001 - -44711. What are the prime factors of a?
2, 3, 5, 757
Suppose -22*k + 31*k + 101048 = 43*k. List the prime factors of k.
2, 743
Let x(i) = i**3 - 2*i**2 - 9*i. Let p be x(4). Let c(h) = -5*h - 14. Let u be c(p). List the prime factors of u/(-15) + (-28)/40*-122.
5, 17
Suppose 2*y + 2*y - 108 = 0. Let c(p) = 4*p - 34. Let i be c(7). Let a = y + i. List the prime factors of a.
3, 7
Let m(h) = h**3 - 6*h**2 + 4*h - 17. Let f(b) = -b - 1. Let d be f(5). Let x be ((-8)/d + -2)/((-4)/42). List the prime factors of m(x).
2, 3, 5
Let v = 339 + -335. List the prime factors of 998*(-5)/(-40)*v.
499
Suppose 0 = 83*z - 92*z + 180. Let h = z + 197. List the prime factors of h.
7, 31
What are the prime factors of (479352*(-84)/(-448))/(((-3)/(-2))/1)?
3, 19973
Suppose 12*m - 8*m + 2*c = 11788, c - 8840 = -3*m. List the prime factors of m.
2, 3, 491
Let h = 24 + -11. Suppose 0 = h*q - 12*q - 141. List the prime factors of q.
3, 47
Suppose -6*h - 2 + 2 = 0. Suppose r + 5*m - 35 = h, -12 = -4*r + m + 128. Suppose -27*j + r*j - 104 = 0. List the prime factors of j.
13
Let h be (3 - 1) + 249/1. Let q(n) = 95*n - 184. Let x be q(2). Suppose -x*r - 71 + h = 0. What are the prime factors of r?
2, 3, 5
Suppose -4*y = 2*s - 2076 - 23960, 5*s - 65117 = -y. What are the prime factors of s?
2, 11, 37
Suppose 16*b - 77 = 259. Suppose -3*u + 3*o + 291 = 2*u, -2*u + 2*o = -114. Let m = u - b. What are the prime factors of m?
3, 13
Let k = -48632 - -89947. What are the prime factors of k?
5, 8263
Let h = -39281 - -68736. What are the prime factors of h?
5, 43, 137
Let i(x) = -3881*x - 2538. List the prime factors of i(-4).
2, 43, 151
Let l be (-28992)/(-20) + -3 - (-10)/25. Suppose 387 + l = 7*j. List the prime factors of j.
2, 131
Suppose -3*u = 2*j - 5*u - 26, -3*u = -5*j + 75. Suppose -2216 = -j*g + 6010. Suppose -7*k = -g - 145. List the prime factors of k.
2, 43
Let r(f) = -3*f**2 + 3*f + 46. Let c be r(9). What are the prime factors of ((-6)/10 + 68/c)*-290?
2, 5, 29
Suppose a = -5*l + 1328, 16*a + 2*l + 1356 = 17*a. What are the prime factors of a?
2, 337
